4 + 7*y**2 + 0 - 1/6*y**3. What is the tens digit of a(-3)?
5
Let u(b) = -2*b - 17. Let v be u(6). Let t = v + 62. What is the units digit of t?
3
Let y(z) = -z**3 - 7*z**2 + 14*z + 19. Let t(x) = -x**3 + 10*x**2 - 8*x - 18. Let k be t(9). What is the units digit of y(k)?
5
Let m be -24*((-8)/(-4))/(-4). Let o = m - 10. Suppose -y + 4*s + 20 = -7, -42 = -o*y - 4*s. What is the tens digit of y?
2
Suppose 5 = 3*l - 64. Suppose -s + 4*j + 20 + 1 = 0, 0 = 3*s - 4*j - l. Suppose 5*h + 4*r - 3*r - 16 = 0, 2*r = h - s. What is the units digit of h?
3
Let o(t) = 52*t - 5. What is the hundreds digit of o(11)?
5
Suppose 3*v = v + 10. Suppose 7*p - 2*p = -3*f - 3, 4*p + 2*f = -2. Suppose p = g - v*g + 56. What is the tens digit of g?
1
Let c(f) = 3222*f**3 - 3*f**2 + 42*f - 41. What is the units digit of c(1)?
0
Let j(n) = -39*n + 960. What is the units digit of j(0)?
0
Let x(z) = -4*z**2 - 13*z + 2. Let p be x(-3). Suppose -2*s + 93 = -p*a, -7*s + 5*s - 2*a + 86 = 0. What is the units digit of s?
4
Let d(t) = 58*t**2 - 5*t - 16. What is the hundreds digit of d(-3)?
5
Suppose 5*c - o + 14 = 0, -3*c = -5*c - 3*o + 8. Let i be 1/c + 27/2. Let g = 15 + i. What is the units digit of g?
8
Suppose 6*t - 275 = t. What is the units digit of t?
5
What is the units digit of 8/(56/35)*249?
5
What is the units digit of (3 - (-743)/6) + 4/24?
7
Let t be (26/1)/((12 - 6)/(-6)). Suppose 0 = 4*d + 83 - 23. Let y = d - t. What is the units digit of y?
1
Let b be 4 + 0 + 0/(-1). Suppose -4 = -f - g, -5*g + b*g - 32 = -5*f. Suppose -n = -f*n - 5*c + 60, -2*c = -n + 3. What is the units digit of n?
9
Let b be 53/7 - 120/210. Suppose -b*x + 460 = -3*x. What is the hundreds digit of x?
1
Let m(f) be the third derivative of f**6/40 - f**4/8 - f**3/2 + 4*f**2. Let n be m(-2). What is the tens digit of 2/6 - 329/n?
1
Let z(u) = 28*u - 42. What is the tens digit of z(6)?
2
Let q(s) be the second derivative of 5*s**3/6 - s**2 + 4*s. What is the tens digit of q(9)?
4
Let a(j) = -j**3 - 8*j**2 - 7*j + 7. Let k = 22 + -42. Let b = k - -13. What is the units digit of a(b)?
7
Let k = 1997 + -4095. What is the hundreds digit of (-7)/(-42) - k/12?
1
What is the hundreds digit of -6 + 6 + 3661 + -2 + 2?
6
Suppose -2*r + r = -3*n - 46, -5*r + 4*n = -252. What is the units digit of r?
2
Let b be 4/2*(-3)/(6/40). Let n = b - -174. What is the units digit of n?
4
Let j = 1084 + -663. What is the hundreds digit of j?
4
Let k(i) = 3*i - 7. Let y = 1 - -2. Let h be k(y). Suppose 3*q = s - 48, -h*s = -0*q + 2*q - 80. What is the tens digit of s?
4
Let u(x) = -x**3 - 7*x**2. Let z be u(-7). What is the units digit of (z - 3/(-5)) + 276/15?
9
Let i = 16 + -15. Let x be (i/3)/((-7)/21). Let t(s) = -21*s**3 + 2*s + 1. What is the tens digit of t(x)?
2
Suppose 5*r - 2849 = -5*l + 3106, 2*l + 5990 = 5*r. What is the tens digit of r?
9
Let g(i) = 2*i**2 - 7*i + 6. Let h be g(6). Suppose x = a + 113 + h, 5*x = -2*a + 773. What is the tens digit of x?
5
Suppose 156 - 616 = c. What is the units digit of c/10*(-1 - 0)?
6
Let j(l) = 0*l + 3 + 14*l**2 + 4*l - 13*l**2. What is the units digit of j(-6)?
5
Let s(f) = f + 8. Let c be s(5). Suppose 10*u - c*u + 12 = 0. Suppose -t + 136 = t + 3*y, u*t - 316 = 5*y. What is the units digit of t?
4
Let z(b) = b**3 - 6*b**2 + 9*b - 8. Suppose 3*m - 29 = -5*i - 2, m = -1. Let h be z(i). Let d = -26 + h. What is the units digit of d?
0
Let w = 9 - 6. Let b(v) = 10*v**2 + 2*v + 7. What is the tens digit of b(w)?
0
Let r = 1 + 10. Suppose 0 = -63*q + 57*q - 24. Let u = r - q. What is the tens digit of u?
1
Let c(f) = -66*f - 12. Let i = -7 + -2. Let n be c(i). What is the tens digit of 6/9 + n/18?
3
Let a be 1/6 + (0 - 58/(-12)). Suppose -a*f = 15, -3*f = 3*x - 8*f - 423. What is the tens digit of x?
3
Let n(q) = q**3 + 39*q**2 - 48*q - 60. What is the thousands digit of n(-39)?
1
Suppose -30 = 4*l - 34. What is the units digit of 2/(-2) + (137 + 0)*l?
6
Suppose 16 = 2*f + 26. Let a(m) = -3*m**2 + 8*m + 3. Let c be a(f). Let h = 159 + c. What is the tens digit of h?
4
Let i = -112 + -6. Let y = -31 - i. What is the units digit of y?
7
Let y be ((-36)/(-8)*2)/3. Suppose -y*u - 5*r + 58 = 1, 0 = -r. What is the units digit of u?
9
Let r = -14 - -15. Let c be (r/3)/((-2)/(-24)). Suppose c*x - 5*p - 52 = -2*p, p = 3*x - 34. What is the units digit of x?
0
Let s(c) = 10*c + 55. What is the tens digit of s(15)?
0
Let k = -497 + 803. What is the units digit of k?
6
Let r = -755 + 1084. What is the hundreds digit of r?
3
Let d(i) = 35*i**3 + i**2 - 1. Let c be d(-1). Suppose -23 = 7*a - 4*a - 5*g, -3*g + 14 = -2*a. What is the tens digit of a/7 - 1720/c?
4
Suppose 0 = 101*f - 105*f + 6828. What is the tens digit of f?
0
Let t(g) = -g - 1. Let y be t(-1). Suppose 4*o - 20 = 0, -2*o = 3*q - 2*q - 14. Suppose 95 + 17 = 4*m + 3*i, y = 4*m - q*i - 112. What is the units digit of m?
8
Let y = 2564 + -750. What is the hundreds digit of y?
8
Suppose 0 = -3*x - 1 - 5, -4*b + x = -4046. What is the hundreds digit of b?
0
Let v = 1196 + -826. What is the tens digit of v?
7
Let g(y) = 5*y - 2*y**2 + 5*y**2 + 3 - 2 - 3*y. Let w be g(-1). Suppose -w*t - 5*q = -26, 7*t - 2*t - 127 = 3*q. What is the units digit of t?
3
Suppose -96 = -4*z - 3*n, -5*z + 5*n + 103 = 18. Suppose -99 - z = -5*q. What is the tens digit of q?
2
Suppose -11*w - 20 = -6*w. Let m be 3*(w/(-4))/1. Suppose -2*p = m*p - 250. What is the units digit of p?
0
Let j = -87 + 833. What is the units digit of j?
6
Let l(k) = 2*k**2 + 34*k + 124. Let q be l(-3). Let o be 104 - 1*-1*1. Let c = o - q. What is the tens digit of c?
6
Let d(x) = 7*x**2 + 29*x + 173. What is the tens digit of d(19)?
5
Let o be (-78)/(-8) - -3*3/36. Suppose 450 = o*p - 5*p. What is the tens digit of p?
9
Let s(v) = 20*v**2 + 2*v + 2. Let c be s(4). Suppose -5*a - 2*r = -522, -3*a - 2*r - 16 = -c. What is the units digit of a?
4
Suppose 7*i = 10102 + 7601. What is the thousands digit of i?
2
Let c = -1 - -4. Let u be ((-21)/(-6) - c)*-52. What is the tens digit of 1 + 2 - (u - -1)?
2
Suppose 3*t + 4*l - 462 = 0, 3*t + 0*t - 462 = l. What is the tens digit of t?
5
Suppose -527*y - 352 = -531*y. What is the units digit of y?
8
Suppose -4*g = g - t - 5115, -5*g + 4*t = -5100. What is the units digit of g?
4
What is the hundreds digit of 160/32 + 842/2?
4
What is the hundreds digit of ((-1645)/(-12 + 5))/1?
2
What is the hundreds digit of (-13 + (-5252)/(-39))/((-2)/(-12))?
7
What is the tens digit of (-5 - (1 - 3)) + (-4 - -395)?
8
Let p(d) = -8*d - 64. Suppose -5*a + 9*a - 80 = 0. Let j(n) = -n - 9. Let u(h) = a*j(h) - 3*p(h). What is the units digit of u(12)?
0
What is the hundreds digit of ((-13)/2 + 6)*-830?
4
Let q = 5 - -1. What is the tens digit of 78 - 0 - 0 - 12/q?
7
Let p be 1*(9/(-3) + 6). Let l(a) = 3*a**3 - 3*a**2 - 2*a. Let i be l(p). Suppose 3*r + i = 5*r. What is the tens digit of r?
2
Let j be (-7)/(-2) - 9/18. Suppose w = -v + 5, -5*w - 20 = -v - j*v. What is the units digit of v?
5
Suppose 18 = 2*j - 5*t, -3*j + 27 = 2*t - 3*t. Let k = j - -6. What is the units digit of k?
5
Let c be -1 + (-14)/(-4) - (-1)/2. Suppose 5*a + 147 = 3*s - 47, 4*s - c*a - 255 = 0. What is the tens digit of s?
6
Let o(v) = 7*v + 14. Let n be o(-4). What is the units digit of 8/28 - 136/n?
0
Let p(k) = k. Let s(v) = 3*v**2 - 34*v - 9. Let x(m) = -6*p(m) - s(m). What is the tens digit of x(9)?
1
Suppose 0 = 4*f - 5*g - 144, 2*g + 2*g = f - 36. Let m = 24 + f. Suppose -192 = -4*c + m. What is the units digit of c?
3
Let o = -22 + 208. Let y = o + -119. What is the tens digit of y?
6
Let k(s) = -2*s - 10. Let t be k(-12). Suppose 4*j - 3*f + 17 = 0, 2*j = 3*f + 1 - t. What is the units digit of (5/j + 2)*-2?
1
Let t = -1035 + 2547. What is the tens digit of t?
1
Let c = -2405 - -3328. What is the tens digit of c?
2
Suppose 0 = 4*a - 3*a + 4, 0 = -4*d + a + 16. What is the tens digit of 2*2 + d + 104 + 4?
1
Suppose 2*p = 5*d - 1163 + 267, p = 2. Suppose 113 = 3*j + 4*v - d, 0 = -j + 4*v + 87. What is the units digit of j?
5
Let k = 669 - 231. What is the tens digit of k?
3
Let k(z) = -z**2 + 4*z + 4. Let t be k(5). What is the units digit of t*4/6*-48?
2
Let m(g) = g**3 - g**2 - 10*g - 22. Let p be m(-4). What is the tens digit of (-9 + 21)*p*2/(-8)?
8
Suppose 2*z 